se z - f = -2*z. Calculate the greatest common divisor of 6 and z.
6
Suppose -4*y = 4*o - 20, -5*y - o + 2 = -11. Let c be (1/y)/((-6)/(-72)). What is the highest common divisor of 30 and c?
6
Suppose 38 = w + 2*y, -23*w - 4*y = -22*w - 42. What is the greatest common divisor of 578 and w?
34
Suppose 0 = 12*k + 9*k - 882. What is the highest common divisor of 630 and k?
42
Suppose -2*t + 304 = 2*t + 4*p, 0 = -3*t - 2*p + 224. Let k = t - 64. Let c = 7 + 5. What is the greatest common factor of c and k?
4
Suppose 5*f - 2*r - 62 = 0, -29*f + 27*f - 3*r + 21 = 0. Calculate the highest common divisor of 69 and f.
3
Suppose 9 = -4*l + l, -l = 4*o - 49. Suppose -o*w = -18*w + 5. Let j = 17 + w. What is the greatest common factor of j and 9?
9
Suppose -14014 = -5*q - 44*q. What is the highest common divisor of q and 52?
26
Suppose 0 = 3*d + 30 - 36. Suppose d*n = 3*c - 7*c + 30, -4*n + 72 = -4*c. Calculate the highest common factor of 85 and n.
17
Suppose 4*t - 2*p + 500 = -p, -4*p + 16 = 0. Let q = -88 - t. Suppose 3*j = 3*m - 24, 2*m + 13 = -4*j + 53. Calculate the greatest common factor of q and m.
12
Let y(x) = 2*x**2 + 6*x - 6. Let b be y(-5). Suppose -4 = 2*h - 4*h + 2*z, -z = 5*h - 10. Let u be h/(6/9) + -1. What is the greatest common divisor of b and u?
2
Let l = -1535 + 2302. What is the greatest common factor of 59 and l?
59
Suppose 0 = d + 4*a - 40 + 10, 4*d - 45 = -a. Suppose -3*l + 33 = 2*s - 19, -l - 5*s = 0. Suppose 3*y - l = y. Calculate the highest common factor of d and y.
10
Let f(n) = -n**2 - 8*n + 17. Let q be f(-7). Let u = q + -17. Calculate the greatest common factor of u and 56.
7
Let i = 41 - 44. Let r be ((i + 2)*-1)/(1/13). Calculate the greatest common divisor of r and 65.
13
Let v(z) = -z + 77. Let s(n) = n**2 - 13*n - 61. Let b be s(17). Let j be v(b). Calculate the highest common divisor of 14 and j.
14
Let t(c) = c**2 + 10*c + 3. Let o be t(-7). Let h be (-3 - -5)/((-55)/o - 3). What is the greatest common factor of h and 90?
18
Let j be 6*-1*3/(-6). Suppose -5*f - d + 212 = -557, 3*d = -j. Let t = f + -109. Calculate the highest common divisor of t and 9.
9
Let s(i) = -5*i + 3. Let a be s(-6). Let x(w) = -2*w**3 - 3*w**2 + 13*w - 6. Let d be x(-4). Calculate the greatest common factor of a and d.
11
Suppose 0 = 5*m - 138 - 497. Let q = m - 8. Calculate the highest common divisor of q and 17.
17
Let i = -145 - -149. What is the highest common factor of i and 124?
4
Let d be -1 - (112 + (-15)/5). Let s be d/3*3/(-2). What is the greatest common factor of 5 and s?
5
Suppose 0 = -g + 3*q + 26, 3*q + 117 = 3*g + 7*q. Calculate the greatest common factor of g and 10.
5
Suppose 15*x - 20*x = 40. Let d be 4/x + (-1012)/(-8). What is the greatest common factor of 14 and d?
14
Suppose 2*v = -w + 199, -16*w = -13*w - 3*v - 633. What is the greatest common factor of w and 23?
23
Let y(q) = -q**3 + 15*q**2 - 32*q - 8. Let r be y(12). Calculate the greatest common factor of 980 and r.
20
Suppose 0 = n + 75 + 69. Let d = n + 225. Let w(i) = i**3 - 3*i**2 + 4*i - 5. Let y be w(4). What is the highest common divisor of d and y?
27
Let j be 24 + -12*(-2)/(-3). Calculate the greatest common divisor of 104 and j.
8
Suppose -3*n = -7*n. Suppose -3*c + 9 + 39 = n. What is the highest common divisor of c and 128?
16
Let c = 64 + -22. Let x be (-2)/(-6) + (616/12)/2. Suppose -25*h = -x*h + 28. Calculate the greatest common factor of c and h.
14
Suppose u + 2*c - 3*c = 7, -3*u + 36 = 2*c. Suppose 15*o = u*o + 10. Let s(j) = -j**2 - 5*j + 7. Let h be s(-6). What is the greatest common divisor of o and h?
1
Let r = 29 - 23. Suppose 0 = 5*o + 1 - r. What is the greatest common factor of o and 1?
1
Let z be 1/(3 - (-8)/(-3)) + 5. What is the highest common factor of 6 and z?
2
Let d be 462/(12/2) - 2. What is the greatest common divisor of d and 25?
25
Let w be (-886)/(-4) - 20/(-40). Calculate the highest common factor of 407 and w.
37
Let f be 4/(-14) - 1032/(-84). Suppose -4*b = -7*c + 2*c - 359, 3*b - 308 = -4*c. Calculate the highest common divisor of f and b.
12
Suppose w - u - 1064 = 0, -187*w + 185*w + 2128 = 4*u. What is the highest common factor of 56 and w?
56
Suppose -2*r + 175 = 4*v - 3*v, 3*v + 2*r = 505. What is the highest common factor of v and 33?
33
Let k = -2704 - -2752. Calculate the greatest common factor of k and 2928.
48
Let t be 1/(-2) + (-5 - (-185)/10). Suppose 0 = 3*o - 0*x - x - 221, x - 223 = -3*o. Let v be 2/3 - o/(-6). What is the greatest common divisor of v and t?
13
Let s be 2 + 2/(-6)*0. Let n(u) = 6*u + u**2 - 10*u - 3 + 3*u. Let w be n(3). What is the highest common divisor of s and w?
1
Let q be (2 - (51 - -1))/(2/(-3)). Suppose -5*a + q = -2*a. What is the greatest common divisor of a and 75?
25
Let j = 18 - -32. Suppose -h + 3*s + 27 = 1, 3*h + 3*s - 54 = 0. Calculate the highest common divisor of j and h.
10
Let g = 311 + -301. Calculate the highest common factor of 130 and g.
10
Suppose 2*h - 64 = -4*s, 2*h - 3*h + 2 = 0. Let w be (-6)/(-15) + (-1226)/(-10). Let k = w + -48. Calculate the greatest common divisor of s and k.
15
Let k(n) = -7*n + 58. Let w be k(5). What is the greatest common divisor of w and 299?
23
Suppose -128 = -s + l + 115, s + 2*l = 243. Calculate the highest common divisor of 9 and s.
9
Let p be 15/1 - 0/8. Let v(r) = -r**2 + 1 + 2*r**2 + 1 - 3*r + r. Let t be v(4). Calculate the greatest common factor of p and t.
5
Let s(n) = 4*n - 4. Let u(y) = 3*y - 5. Let d(r) = 4*s(r) - 5*u(r). Let a be d(0). Calculate the highest common divisor of a and 9.
9
Suppose 2743 + 7253 = 21*j. What is the highest common factor of j and 595?
119
Let x(k) = -19*k - 6. Let n be x(-4). Suppose 3*t - 5*q + 155 = 5*t, n = t + q. Let u be -2 + 26 - (-6)/3. What is the greatest common factor of t and u?
13
Suppose 0 = -2*i + 4*u + 142, -3*i - u = 18 - 252. What is the greatest common divisor of i and 121?
11
Let r = -73 - -160. Let i be (-39)/6 + 7 - 10/(-4). Suppose -3*h + i*m + 69 = 0, 3*h - 3*m + 6*m - r = 0. What is the greatest common divisor of h and 260?
26
Suppose -10*t = -276 - 424. Suppose 3*x + x - 4 = 0, 2*x - 62 = 4*u. Let g = -8 - u. Calculate the greatest common factor of t and g.
7
Let x(v) be the first derivative of 2*v**3/3 - 5*v**2/2 + 5*v - 12. Let m be x(3). Calculate the greatest common factor of 2 and m.
2
Let m = 222 - 206. Suppose -5*x - 3*i - 31 = -80, 7 = -x + 5*i. What is the greatest common factor of x and m?
8
Suppose 11*a - 1683 = 2541. Calculate the highest common factor of 16 and a.
16
Let t be 6030/35 + 2/(-7). Suppose -4*s + 188 = -5*j, t = 4*s + j - 2*j. Suppose 179*l - 172*l = 42. Calculate the greatest common factor of l and s.
6
Let t(q) = -5*q**3 + 19*q**2 - 22*q + 36. Let s be t(3). Let y = 14 - -8. Calculate the greatest common divisor of s and y.
2
Suppose f = 41 - 12. Calculate the highest common factor of f and 1.
1
Suppose 102 = -229*s + 230*s. What is the highest common divisor of 170 and s?
34
Suppose d + 1 = 0, 0*d = 2*h + 5*d - 5. Suppose -3*a = 3*x - 7*a - 476, 0 = x + h*a - 127. What is the greatest common factor of x and 19?
19
Let z be -161 - ((1 - 1) + -2). Let x = z + 335. Let j(s) = -8*s**2 - 218*s - 38. Let i be j(-27). Calculate the highest common factor of i and x.
16
Let w = -21 - -42. Suppose -9*f = 2*u - 7*f + 2, -f - 16 = -4*u. What is the highest common factor of u and w?
3
Let i be (-42)/(-12)*8/14. Suppose i*d - 6*d + 24 = 0. Let c be (-9)/(0 + d/(-44)). What is the greatest common divisor of 44 and c?
22
Let y(t) = t**2 - 27*t + 30. Let l be y(16). Let b = l + 166. What is the highest common factor of b and 8?
4
Let y = -67 - -97. Suppose -y = d - 4*d. Suppose 0 = -4*n - r + 20 + d, n - 2*r - 12 = 0. What is the highest common divisor of 24 and n?
8
Let l(w) = 2*w + 20. Let s be l(-11). Let o be ((-171)/(-18))/(1/(s/(-1))). Calculate the greatest common divisor of o and 1.
1
Let u(r) = -5*r + 30. Let c be u(-8). What is the highest common divisor of c and 56?
14
Let m(c) = 50*c**2 - 17*c + 38. Let a be m(3). What is the greatest common divisor of 19 and a?
19
Suppose 0 = 2*z + 8*c - 12*c - 490, 508 = 2*z + 5*c. Calculate the highest common divisor of 166 and z.
83
Let b(r) = r**2 - 5*r - 38. Let g be b(9). Let t be (g + -7)/(12/(-16)).